mmon factor of 4824 and 54?
18
Calculate the greatest common factor of 3060 and 38828.
68
Calculate the greatest common divisor of 22528 and 143.
11
What is the highest common divisor of 45 and 8?
1
What is the highest common divisor of 60669 and 1284?
321
What is the highest common factor of 28 and 6344996?
28
Calculate the greatest common divisor of 21 and 13846.
7
What is the highest common factor of 45468 and 115354?
842
What is the highest common factor of 122148 and 1599?
39
What is the highest common factor of 12806 and 36396?
674
Calculate the greatest common divisor of 3 and 54903.
3
Calculate the highest common divisor of 44235 and 20.
5
What is the greatest common divisor of 147 and 12?
3
Calculate the highest common divisor of 534 and 104486.
178
What is the greatest common factor of 189 and 15930?
27
Calculate the highest common divisor of 5460 and 6720.
420
Calculate the greatest common factor of 65683 and 38.
19
What is the greatest common divisor of 40 and 56?
8
What is the greatest common factor of 220 and 12200?
20
What is the highest common divisor of 41592 and 78?
6
What is the greatest common factor of 38188 and 20?
4
What is the greatest common factor of 134 and 677906?
134
What is the greatest common factor of 242253 and 198?
99
What is the greatest common divisor of 934694 and 3774?
1258
Calculate the greatest common factor of 280 and 851480.
280
What is the greatest common divisor of 401367 and 46449?
1191
Calculate the greatest common factor of 3705 and 92150.
95
Calculate the greatest common factor of 826741 and 131.
131
What is the highest common factor of 140 and 574?
14
Calculate the highest common divisor of 1215 and 10611.
81
Calculate the greatest common divisor of 67 and 23115.
67
Calculate the highest common factor of 5976 and 6312.
24
What is the greatest common factor of 23129 and 1313?
101
What is the greatest common factor of 557745 and 570?
285
Calculate the greatest common divisor of 15 and 971205.
15
What is the greatest common factor of 54794 and 6?
2
Calculate the greatest common factor of 14577 and 13560.
339
What is the greatest common factor of 8036 and 130011?
287
Calculate the greatest common factor of 435267 and 21.
21
Calculate the highest common divisor of 533 and 308607.
533
What is the highest common divisor of 364 and 59956?
52
What is the greatest common factor of 21470 and 311880?
1130
What is the greatest common factor of 378 and 58?
2
Calculate the highest common factor of 11603 and 164.
41
Calculate the highest common divisor of 506 and 91862.
46
Calculate the greatest common divisor of 118506 and 6.
6
What is the greatest common factor of 161051 and 33?
11
Calculate the highest common factor of 383500 and 208.
52
Calculate the highest common divisor of 1411 and 527.
17
Calculate the highest common factor of 2418 and 3159.
39
What is the highest common divisor of 58722 and 30?
6
What is the highest common factor of 1782 and 246?
6
What is the greatest common factor of 51520 and 2898?
322
What is the greatest common factor of 25740 and 24596?
572
What is the highest common factor of 240 and 132768?
48
Calculate the greatest common divisor of 811 and 1543.
1
Calculate the highest common divisor of 55390 and 51620.
290
Calculate the greatest common factor of 190068 and 228.
12
What is the highest common divisor of 252 and 34860?
84
What is the highest common divisor of 91714 and 28?
14
What is the greatest common divisor of 89263 and 23?
23
What is the greatest common factor of 71098 and 456?
38
What is the greatest common factor of 219 and 375?
3
Calculate the highest common factor of 109848 and 6.
6
Calculate the greatest common factor of 315117 and 270.
27
What is the highest common factor of 63 and 1554567?
21
What is the highest common divisor of 79723 and 49?
49
What is the greatest common factor of 1564170 and 357?
51
Calculate the greatest common divisor of 36 and 561474.
18
What is the highest common divisor of 90 and 238260?
30
Calculate the highest common factor of 78 and 4095494.
26
Calculate the greatest common divisor of 525 and 4175.
25
Calculate the highest common divisor of 19802 and 6.
2
What is the greatest common factor of 58353 and 106?
53
Calculate the greatest common divisor of 308098 and 2478.
826
Calculate the greatest common factor of 12 and 32310.
6
Calculate the highest common factor of 2931 and 111.
3
Calculate the highest common divisor of 428 and 1622227.
107
What is the greatest common divisor of 1480 and 20868?
148
What is the greatest common factor of 404277 and 51?
51
What is the highest common factor of 28 and 4063?
1
What is the highest common divisor of 7774 and 368?
46
What is the highest common divisor of 323 and 608?
19
Calculate the greatest common factor of 552610 and 5110.
730
Calculate the highest common divisor of 4730 and 1320.
110
Calculate the highest common factor of 31587 and 6.
3
Calculate the highest common divisor of 108 and 27162.
54
What is the highest common factor of 262 and 178946?
262
Calculate the highest common factor of 704 and 102344.
88
What is the greatest common divisor of 4140 and 42210?
90
What is the highest common factor of 1328 and 1245?
83
Calculate the highest common factor of 2010 and 1220.
10
Calculate the highest common factor of 23880 and 15.
15
What is the greatest common divisor of 10 and 1340160?
10
Calculate the greatest common factor of 2941 and 3979.
173
Calculate the greatest common factor of 228 and 10317.
57
Calculate the highest common divisor of 595 and 3349.
17
Calculate the highest common factor of 22379 and 3864.
161
What is the greatest common factor of 294481 and 11?
11
Calculate the highest common divisor of 645828 and 156.
12
What is the highest common divisor of 787320 and 2592?
648
Calculate the greatest common divisor of 17255 and 1360.
85
Calculate the highest common factor of 1749 and 382925.
53
Calculate the greatest common factor of 2973546 and 36.
18
Calculate the highest common factor of 229411 and 273.
91
What is the greatest common divisor of 1100 and 221925?
275
What is the greatest common divisor of 3 and 7752?
3
Calculate the greatest common divisor of 65 and 19035.
5
What is the highest common divisor of 230 and 95404?
46
What is the greatest common divisor of 157 and 930539?
157
What is the greatest common factor of 138906 and 18?
18
What is the highest common divisor of 16475 and 925?
25
What is the greatest common factor of 35 and 143542?
7
What is the greatest common divisor of 3440 and 6224?
16
What is the highest common divisor of 3087 and 76293?
441
Calculate the greatest common factor of 276 and 10452.
12
Calculate the greatest common divisor of 702 and 345492.
54
Calculate the greatest common factor of 607425 and 1275.
75
What is the greatest common factor of 80 and 1389820?
20
Calculate the greatest common divisor of 48167 and 28507.
983
Calculate the greatest common factor of 188 and 148943.
47
Calculate the highest common divisor of 680 and 199280.
40
Calculate the greatest common factor of 4871685 and 63.
21
Calculate the greatest common factor of 16 and 104696.
8
What is the greatest common factor of 2722 and 12417764?
2722
Calculate the greatest common factor of 12432 and 4893.
21
Calculate the greatest common divisor of 754085 and 1005.
335
Calculate the highest common factor of 1917640 and 12224.
1528
Calculate the greatest common divisor of 20 and 577090.
10
Calculate the highest common factor of 210035 and 952.
119
What is the greatest common factor of 13696 and 3210?
214
What is the greatest common factor of 102918 and 30?
6
What is the highest common factor of 344 and 2776?
8
What is the greatest common divisor of 20 and 64220?
20
What is the highest common divisor of 9 and 37566?
9
Calculate the greatest common factor of 6 and 41094.
6
What is the highest common factor of 369 and 16072?
41
Calculate the highest common divisor of 268 and 135139.
67
Calculate the highest common divisor of 2169 and 25546.
241
Calculate the greatest common factor of 118 and 8358.
2
What is the greatest common factor of 144309 and 15?
3
What is the greatest common factor of 38 and 12380951?
19
Calculate the highest common divisor of 132 and 458832.
132
What is the highest c